r when 334701 is divided by 4781?
31
Calculate the remainder when 3160 is divided by 987.
199
Calculate the remainder when 12602 is divided by 44.
18
Calculate the remainder when 5528 is divided by 613.
11
What is the remainder when 12393 is divided by 1769?
10
What is the remainder when 1850 is divided by 117?
95
Calculate the remainder when 3948 is divided by 288.
204
What is the remainder when 1433 is divided by 119?
5
What is the remainder when 12974 is divided by 7?
3
Calculate the remainder when 6916 is divided by 50.
16
What is the remainder when 29724 is divided by 13?
6
What is the remainder when 849102 is divided by 966?
954
Calculate the remainder when 36076 is divided by 17951.
174
Calculate the remainder when 173 is divided by 74.
25
What is the remainder when 14121 is divided by 113?
109
What is the remainder when 40391 is divided by 84?
71
Calculate the remainder when 30870 is divided by 332.
326
What is the remainder when 121263 is divided by 79?
77
Calculate the remainder when 61131 is divided by 38.
27
What is the remainder when 6949 is divided by 13?
7
Calculate the remainder when 17353 is divided by 17318.
35
What is the remainder when 15823 is divided by 15823?
0
Calculate the remainder when 2882963 is divided by 95.
93
What is the remainder when 1377 is divided by 16?
1
Calculate the remainder when 85650 is divided by 28550.
0
Calculate the remainder when 2379 is divided by 380.
99
Calculate the remainder when 3811 is divided by 93.
91
What is the remainder when 31666 is divided by 15818?
30
Calculate the remainder when 10585 is divided by 3175.
1060
Calculate the remainder when 9802 is divided by 1924.
182
Calculate the remainder when 4069 is divided by 276.
205
What is the remainder when 2117345 is divided by 77?
76
Calculate the remainder when 109375 is divided by 260.
175
What is the remainder when 81030 is divided by 210?
180
Calculate the remainder when 810 is divided by 63.
54
What is the remainder when 2097095 is divided by 268?
263
Calculate the remainder when 17714 is divided by 1021.
357
What is the remainder when 1377 is divided by 17?
0
Calculate the remainder when 1614658 is divided by 13.
6
Calculate the remainder when 51467 is divided by 12863.
15
Calculate the remainder when 4325 is divided by 1947.
431
What is the remainder when 41220 is divided by 749?
25
Calculate the remainder when 1145789 is divided by 58.
57
What is the remainder when 493322 is divided by 164435?
17
Calculate the remainder when 96929 is divided by 298.
79
Calculate the remainder when 2182 is divided by 368.
342
Calculate the remainder when 2353 is divided by 49.
1
What is the remainder when 2309547 is divided by 10?
7
Calculate the remainder when 9911 is divided by 42.
41
Calculate the remainder when 8607 is divided by 76.
19
Calculate the remainder when 1026230 is divided by 438.
434
Calculate the remainder when 1084642 is divided by 12.
10
Calculate the remainder when 1379257 is divided by 20.
17
Calculate the remainder when 40500 is divided by 15.
0
Calculate the remainder when 38249 is divided by 153.
152
What is the remainder when 3211 is divided by 3203?
8
What is the remainder when 871350 is divided by 86?
84
What is the remainder when 435 is divided by 150?
135
What is the remainder when 3101 is divided by 300?
101
What is the remainder when 109060 is divided by 532?
0
Calculate the remainder when 139 is divided by 122.
17
What is the remainder when 9181 is divided by 1308?
25
Calculate the remainder when 48158 is divided by 1417.
1397
Calculate the remainder when 4753 is divided by 674.
35
What is the remainder when 12997 is divided by 418?
39
What is the remainder when 42637 is divided by 164?
161
What is the remainder when 1340 is divided by 681?
659
Calculate the remainder when 185941 is divided by 20.
1
What is the remainder when 35146 is divided by 2928?
10
Calculate the remainder when 2177 is divided by 2114.
63
Calculate the remainder when 4823 is divided by 34.
29
What is the remainder when 471 is divided by 30?
21
Calculate the remainder when 104962 is divided by 11660.
22
Calculate the remainder when 2704 is divided by 1303.
98
What is the remainder when 1878 is divided by 794?
290
Calculate the remainder when 27723 is divided by 528.
267
What is the remainder when 1766 is divided by 408?
134
Calculate the remainder when 163167 is divided by 16.
15
What is the remainder when 6713 is divided by 36?
17
What is the remainder when 8004 is divided by 2665?
9
What is the remainder when 31247 is divided by 22?
7
Calculate the remainder when 8775 is divided by 549.
540
Calculate the remainder when 69186 is divided by 34579.
28
Calculate the remainder when 12372 is divided by 185.
162
What is the remainder when 25657 is divided by 17?
4
What is the remainder when 3162 is divided by 602?
152
What is the remainder when 11535 is divided by 5760?
15
Calculate the remainder when 8287 is divided by 30.
7
Calculate the remainder when 2338 is divided by 560.
98
Calculate the remainder when 795 is divided by 506.
289
Calculate the remainder when 6589 is divided by 935.
44
What is the remainder when 433245 is divided by 69?
63
Calculate the remainder when 2555208 is divided by 587.
584
What is the remainder when 968 is divided by 163?
153
Calculate the remainder when 23509 is divided by 895.
239
What is the remainder when 3238 is divided by 83?
1
Calculate the remainder when 4518 is divided by 168.
150
What is the remainder when 436 is divided by 187?
62
What is the remainder when 20269 is divided by 14?
11
Calculate the remainder when 12283 is divided by 2020.
163
Calculate the remainder when 12930 is divided by 33.
27
Calculate the remainder when 89814 is divided by 544.
54
What is the remainder when 1742 is divided by 868?
6
Calculate the remainder when 66076 is divided by 142.
46
Calculate the remainder when 22218 is divided by 26.
14
Calculate the remainder when 25688 is divided by 1288.
1216
Calculate the remainder when 166511 is divided by 11100.
11
What is the remainder when 599499 is divided by 41?
38
What is the remainder when 315822 is divided by 290?
12
What is the remainder when 394015 is divided by 224?
223
Calculate the remainder when 7946 is divided by 1133.
15
What is the remainder when 9409 is divided by 73?
65
Calculate the remainder when 5418 is divided by 59.
49
What is the remainder when 32270 is divided by 87?
80
What is the remainder when 3390 is divided by 858?
816
What is the remainder when 1237120 is divided by 375?
370
Calculate the remainder when 2768 is divided by 1046.
676
Calculate the remainder when 72317 is divided by 37.
19
Calculate the remainder when 48933 is divided by 246.
225
What is the remainder when 9341 is divided by 144?
125
Calculate the remainder when 540627 is divided by 10.
7
What is the remainder when 8768 is divided by 204?
200
What is the remainder when 279144 is divided by 33?
30
What is the remainder when 568851 is divided by 39?
36
Calculate the remainder when 2549 is divided by 143.
118
Calculate the remainder when 88381 is divided by 23.
15
What is the remainder when 1852 is divided by 544?
220
What is the remainder when 177758 is divided by 58?
46
What is the remainder when 2342 is divided by 98?
88
What is the remainder when 5116 is divided by 157?
92
What is the remainder when 4578 is divided by 941?
814
What is the remainder when 50902 is divided by 649?
280
What is the remainder when 47000 is divided by 285?
260
Calculate the remainder when 225695 is divided by 225684.
11
Calculate the remainder when 35743 is divided by 7.
1
What is the remainder when 93571 is divided by 319?
104
Calculate the remainder when 1762 is divided by 1751.
11
What is the remainder when 4049 is divided by 1132?
653
What is the remainder when 23332 is divided by 220?
12
What is the remainder when 4703300 is divided by 479?
478
Calculate the remainder when 16532 is divided by 33.
32
Calculate the remainder when 6087 is divided by 219.
174
Calculate the remainder when 411930 is divided by 958.
948
What is the remainder when 8435 is divided by 188?
163
Calculate the remainder when 6307 is divided by 3150.
7
Calculate the remainder when 367319 is divided by 122419.
62
Calculate the remainder when